 the prime factors of b.
2, 71
Let j = 2906 + -2343. List the prime factors of j.
563
Suppose 4*x + 8748 = 3*b, 5*x - 268 + 3184 = b. What are the prime factors of b?
2, 3
Let r(i) be the second derivative of -i**3/2 - 35*i**2/2 - 4*i. Let z be r(-11). List the prime factors of (-2)/4 + z/(-4) + 18.
2, 3
Suppose -10606 - 1130 = -9*s. List the prime factors of (s/(-32) - -3)*-12.
3, 151
Suppose 74372 = 4*g + 3*q - 5*q, -q = 2*g - 37174. What are the prime factors of g?
2, 5, 11, 13
Suppose -499*k + 4635 = -498*k. List the prime factors of k.
3, 5, 103
Let c(q) = 6*q**2 + 127*q - 467. What are the prime factors of c(-63)?
2, 7673
Let q = -284 - -3374. Let z = q - 2161. What are the prime factors of z?
929
Suppose 0 = 5*r - 4*j - 129816, 5*j - 70781 = -2*r - 18848. List the prime factors of r.
2, 6491
Suppose 604032 = 34*x + 30*x. List the prime factors of x.
2, 3, 11, 13
Let g be 1*(0/(-2))/(11 + -9). Suppose 4*l - 1427 = -3*b - g*l, -8 = -4*l. List the prime factors of b.
11, 43
Let h(u) = -2*u**3 - 3*u**2 + 2*u + 7. Let n be h(-5). Suppose 100 = y - 2*v, v = 2*y - 25 - n. List the prime factors of y.
2, 7
Suppose 0 = -423*u + 2793825 + 3362940. What are the prime factors of u?
5, 41, 71
Suppose -h + 883 = q + 4*q, -4*h = 4*q - 3516. Let x = h - 370. Suppose -2*l + 6*l = x. List the prime factors of l.
127
Let h = -192 - -202. What are the prime factors of (h/(-30))/(1/(-1887))?
17, 37
Let f = -150 + 152. Suppose 5*s - 4840 = -2*i + 7*i, 0 = 5*s - f*i - 4855. List the prime factors of s.
7, 139
Suppose -4 = v, 3*v - 753 - 5343 = -2*w. What are the prime factors of w?
2, 3, 509
Suppose -5*j + 2*y + 6 = 0, 5*j = -y + 8 + 4. Suppose -x - 451 = -b, 0*b = j*b + 5*x - 881. What are the prime factors of (21/(-2) + 2)/((-32)/b)?
7, 17
Let l(b) = -2*b**2 - b + 10. Let u be l(6). Let c = u - -33. Let t = c + 45. What are the prime factors of t?
2, 5
What are the prime factors of (18672/40)/((-2)/(-30))?
2, 3, 389
Let v = -8 - -11. Suppose 5*t + 2*z = -0*z + 18, 0 = -v*t + 3*z - 6. Suppose -3*r + 4*f + 80 = t*r, 0 = -2*r + f + 35. List the prime factors of r.
2, 5
Suppose -107580 = -4*i + 5*j, -2361*j + 2356*j = -i + 26880. List the prime factors of i.
2, 5, 269
Let o = -3328 - -4858. Suppose 3*a + o = c - 2*a, -3084 = -2*c + 4*a. What are the prime factors of c?
2, 5, 31
Suppose 0 = -5*l - 4*i + 96408, 60*i - 2 = 59*i. List the prime factors of l.
2, 5, 241
List the prime factors of (160/30)/(-4) + 19888/12.
2, 3, 23
Suppose s - 36 = -5*d, -7*d = -2*s - 3*d + 100. What are the prime factors of 10235/s*4/5?
2, 89
Let m = 365 - 377. Let l(k) be the second derivative of k**5/20 + k**4 - 5*k**3/2 + 6*k**2 + 2*k. List the prime factors of l(m).
2, 3
Let k(h) = 187*h - 8. Let y be 1/(-1) + 55/5 + -8. List the prime factors of k(y).
2, 3, 61
Suppose 212*r - 297034 - 386242 = 0. List the prime factors of r.
11, 293
Suppose 0*y + y + 3*d = -457, 0 = -3*y - d - 1403. Let g = y - -687. What are the prime factors of g?
2, 109
Suppose -3*c - 4*s = -14366, -9*c + 10*c + 2*s = 4792. Suppose 0 = 15*k - 30822 + c. List the prime factors of k.
2, 7, 31
Let g(q) = 3*q**2 + 22*q + 3. Let y be g(-9). Suppose 2292 - 84 = y*m. List the prime factors of m.
2, 23
Let i = 8 + -5. Suppose 6 = i*r - r. List the prime factors of -4 + (r - 1 - -6).
2
Let p(d) = d**3 - 7*d**2 - 13*d + 11. Suppose 5*c - 10 = 5, 0 = 2*g - 3*c - 9. Let z be p(g). List the prime factors of (14/28)/(2/z).
2, 7
Let r(g) = 3902*g**2 + 808*g - 10. List the prime factors of r(4).
2, 17, 1931
Suppose -5*n = n - 18. Suppose 0*t = n*t + b + 11, -16 = 3*t + 2*b. List the prime factors of t/10 - 781/(-5) - 2.
2, 7, 11
Let n = -668 - -1895. What are the prime factors of n?
3, 409
Let m = 4507 - -1899. What are the prime factors of m?
2, 3203
Suppose 2*j - 4*m = 2242, -4492 = -4*j + 2*m + 2*m. Suppose -5*p = -5*l + j, -l = p + p + 447. Let t = p + 380. What are the prime factors of t?
2, 3, 13
What are the prime factors of ((-6261)/6*2)/(-1) - 0?
2087
Suppose d + d - 5618 = -0*d. What are the prime factors of d?
53
Let r = -113 - -78. Let o = r + 84. Suppose 2*v - 5*j - 3 = -6, -o = -4*v - j. List the prime factors of v.
11
Let f be -4 - (-4 + 2/(-1)). Suppose 0 = -f*b + 2, b = -4*v + v + 1990. List the prime factors of (-5)/25 - v/(-15).
2, 11
Let z(u) be the second derivative of -u**4/12 - 11*u**3/3 + 5*u**2 + 272*u. Let i = 4 + -13. What are the prime factors of z(i)?
127
Let x(w) = 3*w**2 + 7*w + 23. Let n be x(-7). Suppose 16*l = n + 55. Suppose -5*q - 3*o + 22 = 0, 0 = -q + 3*q - o - l. List the prime factors of q.
5
Suppose -3*m - 4*i - 5 - 1 = 0, -4*m = -3*i - 17. Suppose 3*p - m*p = 4. Suppose -p*o - o = -395. List the prime factors of o.
79
Let j = 1213 + 2410. What are the prime factors of j?
3623
Let h(t) = -5*t**3 + 20*t**2 + 75*t + 50. Let j(v) = -2*v**3 + 6*v**2 + 25*v + 17. Let m(w) = -3*h(w) + 8*j(w). List the prime factors of m(-11).
2, 5, 7
What are the prime factors of 201 + -201 + 10594 + -1?
3, 11, 107
What are the prime factors of ((-28)/21)/(4/(-19959))?
6653
Let a(w) be the first derivative of 19*w**3/3 - 3*w**2 - 10*w + 16. Let p(j) = j**2 - j. Let x(d) = a(d) - 6*p(d). List the prime factors of x(3).
107
Let q = -6539 + 8437. What are the prime factors of q?
2, 13, 73
Let o = 74 - -563. Let w = 897 - o. List the prime factors of w.
2, 5, 13
Let i(v) = -v + 37. Let w be i(-22). Let b = w - 42. What are the prime factors of b?
17
Let h(o) = o**2 - 11*o + 3979. What are the prime factors of h(0)?
23, 173
Let k(x) = 7*x**3 - x**2 - x + 1. Let t be k(1). Let q be (-4 - 1) + t - -1. What are the prime factors of (q/((-4)/(-6)))/(3/46)?
2, 23
Suppose -422 = -5*v + 238. Let s be 3*80/v - 10/(-55). What are the prime factors of s + 155 - 2 - 3?
2, 19
Let x(o) = 17*o - 30. Let w = 98 - 143. Let y = -38 - w. List the prime factors of x(y).
89
Let y be ((-14)/6)/((-1)/12). Suppose -19*n = -16*n - 72. Let i = y - n. What are the prime factors of i?
2
Let d be -6*10/(-15) - 3. Let s be (944/8 - 2)*d/2. Let n = -6 + s. What are the prime factors of n?
2, 13
Let j = 939 - -1015. List the prime factors of j.
2, 977
List the prime factors of 2/3*(-17874228)/(-496) + (-2)/4.
2, 3, 7, 11, 13
Let l(j) = -2*j**2 + 22*j + 5. Let x be l(11). Suppose x = -4*d - 2*u - 5, 5*d + 4*u + 5 = 0. Let r(i) = i**2 + 11. List the prime factors of r(d).
2, 3
Let g(z) = -2*z**3 - 8*z**2 - 29*z. Let r = 110 + -116. List the prime factors of g(r).
2, 3, 53
Suppose -7*n = -597 - 446. Suppose -n = 3*y - 2585. List the prime factors of y.
2, 7, 29
Let o(t) be the second derivative of t**3/6 + t**2/2 + 20*t. Let w(c) = -c - 41. Let x(k) = -2*o(k) + w(k). What are the prime factors of x(-18)?
11
Let k = -67 - -112. Suppose 0 = 19*w - 34*w + k. List the prime factors of w.
3
Let c(u) be the first derivative of -23*u**3 + u**2/2 + 4*u - 38. Let l be c(-2). Let o = l - -422. What are the prime factors of o?
2, 37
Suppose -2*r + 2702 = 2*a, 0*a - 4*r = 2*a - 2712. List the prime factors of a.
2, 673
Let s = -65018 + 108941. What are the prime factors of s?
3, 11
Suppose -5*d = -v - 94, 3*v = -4*d - 156 - 164. What are the prime factors of ((4807/44)/(-19))/(2/v)?
13, 23
Suppose -1 = j - 5*n, 4*j - 5*n - 13 = -2*n. Suppose 2*a - j*f + 278 = 3*a, 1076 = 4*a + 4*f. What are the prime factors of a?
2, 7, 19
Let x(i) = -i**3 - 8*i**2 + 8*i - 5. Let k be x(-9). Let q be (-6 + k)*(-1 - -3). What are the prime factors of (24/9*-14)/(q/18)?
2, 3, 7
Suppose -6*h = -23*h + 42534. Suppose -13*p - 5*p = -h. What are the prime factors of p?
139
Suppose 0 = 33*o - 231528 - 16467. List the prime factors of o.
3, 5, 167
Let b be (1117/4)/((-9)/(-36)). Suppose -9*c = -6*c + 5*z - 1067, 3*c - b = 5*z. List the prime factors of c.
2, 7, 13
Let u = 20665 - 14556. List the prime factors of u.
41, 149
Suppose 2*k = -3*i - i + 8880, 8878 = 4*i + 3*k. What are the prime factors of i?
2221
What are the prime factors of -3*(-2)/(78/26741)?
11, 17
Suppose -17*f = 21*f - 212743 - 520771. What are the prime factors of f?
97, 199
Suppose 81 - 21 = 5*d. Suppose -594 - 702 = -d*r. What are the prime factors of r?
2, 3
Let s(y) = -19*y - 93. Let g be s(-5). List the prime factors of 8 + -9 - -613*g/2.
2, 3, 17
Suppose 2*f + d + 4 = -4, d = 2*f + 8. List the prime fac